 13258 = 0. List the prime factors of m.
31, 107
Suppose 11*j + 182 = 765. Suppose 5*g - 760 = -5*w, -51*w = -j*w - 5*g + 301. What are the prime factors of w?
3, 17
List the prime factors of ((-1135)/(-10))/(-14 - 39689/(-2834)).
109, 227
Suppose -n = 2*x - 2, 9*x = 4*x - 20. Let s be n/15 + 8/(-3). Let u(o) = -4*o**3 - 2*o**2 - 4*o + 1. What are the prime factors of u(s)?
3, 11
Suppose 2*y - 14*i - 35280 = -12*i, 2*i + 4 = 0. What are the prime factors of y?
2, 8819
What are the prime factors of (-6)/(-11) - 49/((-2695)/147150)?
2, 3, 223
Let o(t) = 289*t**2 + 22*t - 111. What are the prime factors of o(6)?
3, 5, 139
Let i(w) = 2*w**2 + 3*w + 21. Let n be i(-5). What are the prime factors of 2048/208 - (n/(-26) - -2)?
2, 5
Let f(j) = -1111*j - 73. List the prime factors of f(-10).
3, 13, 283
Let n(b) = 489*b**2 - 236*b + 49. List the prime factors of n(-9).
2, 13, 1607
Let f(q) = 52*q**2 - 150*q + 3546. What are the prime factors of f(23)?
2, 67, 103
Let l be 73/(-7) - ((-155)/35 + 4). Let i(w) = -w**2 - 25*w - 47. What are the prime factors of i(l)?
103
Let y(k) = k**3 - 8*k**2 + 33*k - 742. What are the prime factors of y(24)?
2, 41, 113
Suppose 9137711 = 42*f + 326*f - 16885777. List the prime factors of f.
2, 3, 71, 83
Suppose g - 3*w = 439, 2*g + 2*w = 4*w + 894. Let q = g - 155. List the prime factors of q.
2, 37
Let y(g) = g**2 - 107*g - 435. List the prime factors of y(-53).
5, 1609
Suppose 6*j - 955 - 1885 = -14*j. What are the prime factors of j?
2, 71
Let h(c) = 66*c**2 + 110*c + 684. What are the prime factors of h(-6)?
2, 3, 5
Suppose 2*n - 45*b = -44*b + 30675, -3*b = n - 15320. List the prime factors of n.
5, 3067
What are the prime factors of 16/88 + (-4)/66*-41478?
2, 3, 419
Suppose -3384*w + 310983 = -3361*w. What are the prime factors of w?
3, 4507
Let b be (108/3)/(-6)*4/3. Let f(u) = 19*u**2 + 64*u - 5. What are the prime factors of f(b)?
3, 233
Suppose 12 = 5*h + 2*r - 5, 0 = -2*r - 8. Suppose -h*b = -6*b + 23. What are the prime factors of b?
23
Suppose -8*g - 37756 = -4*o - 5*g, -g + 9446 = o. What are the prime factors of o?
2, 4721
Let d be 6/1 - (2 - -3). What are the prime factors of d/4 + 3 + (-261)/(-12)?
5
Suppose -2080*m = -2079*m - 7375. What are the prime factors of m?
5, 59
Suppose 68*b - 14244 = 64*b. Suppose 2970 + b = 7*c. List the prime factors of c.
3, 311
List the prime factors of (-97 - 3)*(-157)/1 - (6 + -2).
2, 3, 109
Suppose -4 = f - 1, 5*f + 5 = c. Let i(b) = -137*b + 52. What are the prime factors of i(c)?
2, 3, 79
Let i(k) = -404*k + 8180. List the prime factors of i(-102).
2, 12347
Suppose 46080 = 11*w + j, -4*w + 202*j - 205*j + 16759 = 0. What are the prime factors of w?
59, 71
Let r be (-15)/24 + -4 + (-6)/16. Let x(s) = 56*s**2 + 25*s - 2. List the prime factors of x(r).
19, 67
Let c be 35 + (-4 - (5 + -5)). Suppose -c*g = -28*g - 348. Let l = 107 + g. List the prime factors of l.
223
Let y be 18*1/4*(-8)/(-12). Suppose 2*o - 11*p + 8*p - 658 = 0, p = y*o - 973. List the prime factors of o.
17, 19
Let p be (-1 - -1 - -3)*1. Let g(k) = -63*k + 67. Let w be g(1). Suppose p*m + 2*v - 91 = -3*v, -w*v = -m + 53. What are the prime factors of m?
37
Let t(z) = z**3 + 22*z**2 + 11*z + 11. Let o(a) = -8*a - 36. Let c be o(-5). Suppose -c*n = 2*d + 62, -5*d - 99 = -d + 3*n. List the prime factors of t(d).
13, 17
Suppose 112*h = -161*h + 2047500. List the prime factors of h.
2, 3, 5
Let r(o) = -20*o**3 + 102*o**2 - 129*o - 94. Let i(u) = -7*u**3 + 34*u**2 - 43*u - 31. Let j(s) = -17*i(s) + 6*r(s). What are the prime factors of j(32)?
5, 127
Let x be (-7)/(1 + (2 - 4)). Suppose 0 = x*m - m. Let f(r) = -r**3 + r**2 + 3*r + 27. What are the prime factors of f(m)?
3
Let j(p) = -2867*p - 441. List the prime factors of j(-5).
2, 6947
Let s = -4628 - -12934. List the prime factors of s.
2, 4153
Let p = -5 - -5. Suppose -2*b + 14 + 424 = p. Suppose -3*o + 196 = 4*y - b, 4*y = 2*o + 410. List the prime factors of y.
103
Let f be 4 - (-11 - (4 + -12)). Suppose f*r - 6634 - 247 = 0. List the prime factors of r.
983
Suppose -3*v - 6 - 10 = t, 2*t - 3 = v. List the prime factors of (-1051)/t - (5 + -14).
2, 5, 53
Suppose -3496 = -2*m - b, -1081 = -m + 4*b + 685. Let z = m - 968. List the prime factors of z.
2, 17, 23
Suppose 0 = -n - 4*n - 3*i + 145, 0 = -i. Let v(t) = -2*t**3 + 60*t**2 - 35*t + 63. List the prime factors of v(n).
2, 5, 73
Suppose 8 = 2*p - 0*p. Let t be (-1)/((-2)/(-21) + (-10925)/109641). Suppose -6*c + 4*b + 270 = -c, -b = -p*c + t. What are the prime factors of c?
2, 29
Let w be 3135/21 + (-2)/7. Let o = 218 - w. List the prime factors of o.
3, 23
Let s be 2185/(-30) + 1/(-6). Let p = 334 - s. What are the prime factors of p?
11, 37
Suppose -11*o + 48 = -3*o. Let t be o/4 + (-13)/26. What are the prime factors of ((-5)/(-20) + t)*32?
2, 5
Let c(s) = -8*s**2 - 6*s**3 - 9*s + 5*s**3 + 0*s**2 + 9. Let q be c(-7). Suppose -q*r + 18*r + 40 = 0. List the prime factors of r.
2
Suppose -24 = -2*n + 4*l, -3*n + l + 87 = 2*n. What are the prime factors of ((-14)/8 - -1)/(n/(-1656))?
3, 23
Let g = -56 + 329. Let z = 461 - g. List the prime factors of z.
2, 47
Suppose 0 = 5*a + q - 60, 0 = -4*a + 5*q + 44 + 4. Suppose -2952 = -a*i + 7800. What are the prime factors of i?
2, 7
Let r be ((-1)/(-2))/((-43295)/43302 + 1). Suppose 9*i - 4*i + 777 = z, -4*z + 5*i + r = 0. What are the prime factors of z?
2, 193
Let f(h) = 293*h**2 - 127*h + 550. List the prime factors of f(5).
2, 5, 181
Let q = 95445 - 55735. What are the prime factors of q?
2, 5, 11, 19
Suppose 0 = -p - 0*p + 5*l + 32, 128 = 4*p - l. Let r = p - 77. List the prime factors of 6*(18/r)/((-4)/185).
3, 37
Suppose -55561 = 16*u + 18983. Let a = u + 6555. List the prime factors of a.
2, 3, 79
Let f = 136310 - 96817. List the prime factors of f.
73, 541
Suppose 16*b - 801988 - 707583 = -589395. List the prime factors of b.
17, 199
Let j = 523 - 520. List the prime factors of j*((-8260)/(-21) - 1).
11, 107
Let q = -22 + 52. Let t = 35 - q. List the prime factors of 2*(t + (-4 - -3)).
2
Let p(h) = 83*h**2 - h + 12. Let i be p(-3). Suppose -4*f + 5*l + i = 0, 2*f = -3*l - 164 + 556. What are the prime factors of f?
193
Suppose -30445 = -5*h - z, 9*h + z + 12171 = 11*h. List the prime factors of h.
2, 761
Let c(x) = 17*x - 32*x + 11 + 11*x + 1. Let k be c(3). Suppose k = 14*r - 5*r - 369. What are the prime factors of r?
41
Let i = 18923 - 7969. What are the prime factors of i?
2, 5477
Let k = 5761 + 991. List the prime factors of k.
2, 211
Let p(v) = 28*v**2 - 63*v - 485. What are the prime factors of p(-9)?
2, 5, 47
Suppose 108678 - 492678 = 12*x - 28*x. List the prime factors of x.
2, 3, 5
Suppose -388*g + 1342272 = -4275580. What are the prime factors of g?
14479
Suppose 6 = l + 5. Let t be ((-4)/(-3) - l)*(581 - -16). Suppose -a - 2*h + 58 = 14, -5*a + t = 3*h. What are the prime factors of a?
2, 19
What are the prime factors of (-17043 - 2 - (80 - 72))*-2?
2, 17053
Let b = 24 - 29. Let l be -2*(0 + -13 - b). Let s(y) = 2*y**2 - 32*y + 9. List the prime factors of s(l).
3
Let m = -35 - -71. List the prime factors of -1*(-1 + -2) + m.
3, 13
Let c be ((2/6)/(29/(-261)))/(-3). What are the prime factors of 1539/45 - c/5?
2, 17
Let g(s) = -11*s**3 - 2*s**2 + 11*s - 2. Let f be g(3). Let b = f - -1316. What are the prime factors of b?
2, 3, 43
Let b = 15 + 3. Suppose 0 - b = 3*i. What are the prime factors of i/30 + 792/10?
79
Let b = -467 + 811. List the prime factors of b.
2, 43
Let i be (-7 + 1)*(-15 - -14). Suppose -455 = -4*a + 5*z, -z - 1 + i = 0. What are the prime factors of a?
2, 3, 5
Let x be (5 - (6 + -6))*244/(-5). Let w = x + 400. List the prime factors of w.
2, 3, 13
Let k(i) = -9*i**2 - 80*i + 4. Let h be k(-9). Let u(o) = -o**3 + 4*o**2 - 8*o + 11. What are the prime factors of u(h)?
2, 3, 23
Let i(a) = 10. Let x(k) = -k + 1. Let j(f) = i(f) + x(f). Let o be j(3). List the prime factors of 182*(-3 + o/2).
2, 7, 13
Suppose -3072 = 130*w - 128*w. Let b = w - -2632. What are the prime factors of b?
2, 137
Suppose -15*d - 68*d - 21*d + 868920 = 0. List the prime factors of d.
3, 5, 557
Let t(a) = -2*a**2 - 20*a + 14. Let h(b) = 5*b**2 + 39*b - 29. Let x(o) = -3*h(o) - 7*t(o). What are the prime factors of x(20)?
7
Let n be 302/4 - (-1)/